h - 2*t - 4*t + 2*t. Give j(o).
2
Let o(l) be the first derivative of 2*l**2 + 4*l + 335. Determine o(3).
16
Suppose -53 = -5*u - 5*n + 7*n, -5*u = -4*n - 61. Let r(p) = 8*p**2 - p**3 + 8*p + 8 + 0*p**3 + 4. Calculate r(u).
3
Let o be (-1 - (-3)/3)*5/(-10). Suppose o = 2*t - 4*y - 18, -3*t - 4*y = -3 - 4. Let g(j) = -j + 9. Calculate g(t).
4
Let w be (10/6 - 3) + (-140)/21. Let d(c) = c**2 + 5*c - 11. What is d(w)?
13
Let i = -2590 + 2603. Let s(x) = 3*x - 9. What is s(i)?
30
Suppose 0 = -787*s + 792*s - 70. Let w(b) = -b**2 + 9*b + 20. What is w(s)?
-50
Suppose 0 = 5*d - 25, 5*s + 6*d - 110 = 2*d. Let h = s + -13. Let c(l) = -l**2 + 8*l - 5. What is c(h)?
10
Let a(p) be the third derivative of -p**4/2 - 11*p**3/3 - 41*p**2. Let l(q) = 17*q + 33. Let h(w) = -7*a(w) - 5*l(w). Determine h(-10).
-1
Let u(f) = -5*f**2 + 15*f - 4. Let b(x) = -4*x**2 + 13*x - 3. Let m(p) = 4*b(p) - 3*u(p). Determine m(9).
-18
Let v(a) = -a**3 + 10*a**2 - 11*a + 20. Let t be v(9). Let q(r) = 1 - r**t + 8*r**3 + 211*r - 211*r. Determine q(-1).
-8
Let y(u) = -2*u**3 - 13*u**2 - 6*u + 5. Suppose 0 = 4*k + 6 + 10. Let r(b) = b**3 + 7*b**2 + 3*b - 3. Let a(h) = k*y(h) - 7*r(h). Calculate a(-3).
-8
Let s(i) be the second derivative of -i**4/12 + 2*i**3/3 + 5*i**2/2 - i. Suppose 0 = -4*r - 5*l + 20, -2*l = 4*r - 7*l - 20. Calculate s(r).
0
Let d(x) = -2 - x**2 + 3 - 6*x + 2. Suppose 2 + 12 = -2*t. Give d(t).
-4
Let u be ((-2)/(-6)*0)/(-2). Let x(n) = -n**3 - n**2 - n - 1. Let a(m) = 2*m**3 + 2*m**2 + 2*m + 5. Let p(t) = -a(t) - 3*x(t). Calculate p(u).
-2
Let k = 123 + -117. Let y(m) = 5*m + 5. Let p(n) = -4*n - 5. Let v(x) = k*p(x) + 5*y(x). What is v(3)?
-2
Let w be (-3)/(1/(-10)*2). Suppose -5*d + 8 + 7 = 0, 10 = 2*g - 4*d. Let s = w - g. Let k(j) = j**3 - 3*j**2 - 6*j + 4. Give k(s).
-4
Suppose 5*f - q + 0 = 36, 2*f - 15 = q. Let p(o) = 0 + 3*o**2 + 0 + f + o**3 + 5*o - 5. Determine p(-3).
-13
Let w(d) = -d**2 + 7*d + 19. Let o be w(7). Let p(b) = -b - 10. Let r be p(7). Let s = o + r. Let i(u) = -u + 1. What is i(s)?
-1
Let d(j) be the first derivative of j**3/3 + j**2/2 - j + 1. Let b be 2 + 3 + -1 + -3 + -4. Let f(i) = 4*i**2 + 5*i - 2. Let p(y) = b*d(y) + f(y). Give p(-1).
0
Let u(t) = t**2 + 6*t - 1. Let h be 1946/(-35) - (-9)/15. Let l = 50 + h. Calculate u(l).
-6
Let c(s) = -s + 7. Let y(t) = t - 6. Let l(i) = -6*c(i) - 5*y(i). Let r(g) = -g + 3. Let m be r(-9). Suppose 3*b - 33 = -m. Calculate l(b).
-5
Let w(r) = r**2 + 6*r - 3. Let s be w(-7). Let p(i) = 3*i + 0 - 4*i + 1 - s. Let q = -29 + 23. Give p(q).
3
Let a(f) = -f + 9. Let r be a(1). Let m(y) = -4*y + 8. What is m(r)?
-24
Let k(m) = -m - 6. Let y be 135/12 + (-6)/(-8). Suppose -y = 3*c - 5*c. Determine k(c).
-12
Let h(d) be the third derivative of -1/12*d**5 + d**3 + 0 + 1/120*d**6 + 0*d + 5*d**2 - 1/24*d**4. What is h(5)?
1
Let a(j) = j**3 + 19*j**2 - 20*j. Let q be 26/169 - (-524)/(-26). Calculate a(q).
0
Let v(k) = k + 3. Suppose -10 = -9*o + 11*o. What is v(o)?
-2
Let j(g) = g**3 + 3*g**2 - 5*g - 6. Let o = -23 + 6. Let r = -13 - o. Suppose 3*p + 0*u + 4*u + r = 0, 5*p + 30 = 5*u. Give j(p).
-2
Let n(s) = s**2 + 2*s - 1. Let a(z) = -z**2 + 10*z + 1. Suppose 0 = 2*w - 26 - 30. Let p be 71/7 + (-4)/w. Let i be a(p). Calculate n(i).
2
Suppose v - 14 = -5*y, 0*y - 3*v - 6 = -y. Suppose -y*d + d + 6 = 0. Let o(t) = 5 + 0*t**2 + 2*t - 5*t**2 - 4 + 2*t**d. Give o(3).
16
Let z(a) = 27*a**2 + 16*a - 25. Let q(u) = -5*u**2 - 3*u + 5. Let g(c) = 11*q(c) + 2*z(c). What is g(5)?
-25
Let x be (-11)/(-4)*4/22. Let y(z) be the second derivative of -4*z - x*z**2 + 0 + 1/20*z**5 + 1/3*z**3 + 1/6*z**4. Give y(-2).
-5
Let k(q) = -3*q - 12. Let c(b) = -b - 6. Let a(m) = -9*c(m) + 4*k(m). Calculate a(5).
-9
Suppose j = 2*j + 30. Let p be j/12*(-4)/5. Let c(o) = -2*o - o + 4*o + o**2 - 3 + 2*o. Determine c(p).
7
Let c be -7 - (7 - (13 - 8)). Let y(a) = -a**3 - 10*a**2 - 13*a - 3. Determine y(c).
33
Let v(d) = d**3 + 6*d**2 - 7*d + 3. Let n(q) = -24*q**2 - 35 - 262*q**3 + 9*q**2 + 263*q**3 + 16*q. Let x be n(14). What is v(x)?
3
Let a(j) = j + 13. Let w be a(-10). Let v(o) = -w + 3*o**2 + 2*o + 5 - 1. Suppose -2*y + 2 = -y + 4*l, -y - 5*l + 3 = 0. Determine v(y).
9
Let l(v) = 40*v + 443. Let n be l(-11). Let u(i) = 2*i - 2*i - 3 + 0*i - 5*i. Determine u(n).
-18
Suppose n + 3*a + 17 = 0, -4 = -3*n + 2*a - 0. Let d be n/5 - 333/(-45). Let t(b) = -b**3 + 7*b**2 - b + 5. Calculate t(d).
-2
Let g(b) = b**2 + b - 1. Let z be 1*(-3 + 4)*-3. Let u be g(z). Let h(c) be the third derivative of -c**5/60 + c**4/8 + 7*c**3/6 + 2*c**2. Calculate h(u).
-3
Let l(f) = f + 16. Suppose 0 = -w - q + 1, -4*w = -2*w + 3*q - 4. Let o(t) = -t. Let a(g) = w*l(g) - 2*o(g). Determine a(9).
-7
Suppose -15 = 6*d - 21. Let c(l) = l - 4. Let h(t) = 3. Let k(n) = 2*c(n) + 3*h(n). What is k(d)?
3
Let h(i) be the second derivative of 5/3*i**3 + 1/12*i**4 - 1/120*i**5 + 0 + 0*i**2 + 6*i. Let g(x) be the second derivative of h(x). Calculate g(-3).
5
Suppose -3 = -4*q - 19. Let k(c) = -c - 1. Let t be (-28)/4*1 + 4 + -2. Let s(l) = -l**2 + 5. Let g(b) = t*k(b) - s(b). Give g(q).
-4
Let c(m) = -2*m - 2*m + 23 - 9174*m**2 + 9175*m**2. Calculate c(0).
23
Let w(t) = t**3 + 5*t**2 + 5*t - 4. Suppose 5*l + 29 = -8*m + 5*m, -6 = 3*l - 2*m. Calculate w(l).
-8
Let o(x) = -3*x**2 + 24*x - 4. Let p(w) = -2*w**2 + 4*w - 2. Let d(f) = -o(f) + 3*p(f). What is d(-4)?
-2
Let o(z) = z**3 - 5*z**2 + 2. Let c be (-1)/2 - (-11)/2. Let n be o(c). Let p(d) = 0*d - 3 + 3*d - d + n. Determine p(1).
1
Let u(r) = 11 - 16*r + r**3 + 17*r - 13. Give u(0).
-2
Let d(i) = i**3 + 3*i**2 - i - 1. Suppose -4*v - 16 - 8 = 4*k, 4*v = 5*k + 3. Give d(k).
2
Suppose 6*s - 24 = 2*s. Let u(f) = 53 - 3*f - 22 - 29. Let k(c) = c - 1. Let x(h) = -7*k(h) - 2*u(h). What is x(s)?
-3
Let y(x) = -3*x + 71. Let f be y(25). Let v(p) = p**3 + 4*p**2 - 3*p - 5. Determine v(f).
7
Let h(u) = 66 - 26 - 49 - 3*u. Give h(-8).
15
Let x be (-10)/2*-11*(-42)/(-1155). Let q(a) be the third derivative of -1/12*a**5 + 0 + 1/120*a**6 + 1/24*a**4 + 8*a**x + 0*a + 2/3*a**3. What is q(5)?
9
Let b(k) be the first derivative of -9*k + 3/2*k**2 + 4. Determine b(6).
9
Let l(n) = -2*n**2 - 4*n - 4. Let v be (-21)/(-14)*(-32)/(-2). Suppose 2*y - v = -2*y. Let o be (2/y)/(1/(-9)). Determine l(o).
-10
Let a(h) = h - 14. Let f be a(17). Let j(o) = o + 6 - 5*o**2 - 2*o**f - 2*o**3 + 4*o**3 - o**3. What is j(-5)?
1
Let j(r) = r**3 - 174*r**2 + 83*r**2 + 90*r**2 - r + 2. Suppose 0 = -0*h + 2*h + 2*u - 6, 4*h - 4*u = 4. Calculate j(h).
4
Let t(v) = -2*v + 3. Let o(b) be the first derivative of -b**3/3 - b**2 + 4*b - 1. Let q be o(0). Suppose 0 = -q*s + 1 + 11. Give t(s).
-3
Let m = 31 + -22. Suppose 0 = 5*h - 11 + 1. Let v(p) = p**2 + 6*p - m*p - 2*p**h + 3. Give v(-4).
-1
Let d(b) = 3 + 2*b**2 + 10*b + 1 - b**2 - 1. Let t be d(-10). Suppose 5*a - 3 = 2*p + t, 3 = -p - a. Let w(q) = -q**3 - 2*q**2 + 2*q + 3. Give w(p).
6
Let x(s) = 4*s - 10. Let t = -172 + 167. Determine x(t).
-30
Let k = -1 - 4. Let q(s) be the first derivative of 1 - 7*s + 2*s**2 + 2*s**3 + 1/4*s**4. Determine q(k).
-2
Let a(d) = 4*d - 10. Let g be a(3). Let l(y) = -3*y**g - y**3 + 7*y + 0*y**2 + y - 4 + 8*y**2. Calculate l(6).
8
Let u(b) = b**2 - 7*b. Let y(l) = l - 1. Let d be y(3). Let n = -370 + 365. Let c = d - n. Calculate u(c).
0
Let i(t) = -t**2 + 1. Let v(n) = 7 + 1 + 2*n**2 - 6*n**2 - 4*n - 4. Let m(b) = 3*i(b) - v(b). Let z = -17 - -13. Calculate m(z).
-1
Let t(c) = 5*c**3 + 3. Let a(d) = d**3 + 1. Let y(g) = 4*a(g) - t(g). Let j(u) = 12*u**3 - u**2 - 5. Let b(l) = -j(l) - 5*y(l). What is b(1)?
-6
Let x(y) = -y**2 - 10*y - 3. Suppose -52 = 3*f + 5*c, -54*f - 13 = -52*f - c. Calculate x(f).
6
Let x(u) be the third derivative of -5*u**4/24 + u**3/3 - u**2. Suppose 0 = -50*v + 52*v - q - 8, -3*v = -q - 10. Determine x(v).
-8
Let v = 0 - 0. Let g(s) = 4*s**2 + 5*s - 4. Let w = 36 - 40. Let x(b) = -3*b**2 - 4*b + 3. Let q(f) = w*g(f) - 5*x(f). Determine q(v).
1
Let s(h) = 43 - h - 3*h + h**2 + 46 - 96. What is s(5)?
-2
Let b(g) be the first derivative of 1/2*g**2 + 4 + 0*g. Calculate b(0).
0
Suppose 16*m = 11*m + 195. Let x be m/(-9) - 2/(-6). Let r(c) = 3*c**2 - 7*c + 1. Let z(b) = 5*b**2 - 13*b + 3. Let f(u) = -7*r(u) + 4*z(u). Calculate f(x).
1
Let n(v) = -v